{"id":54,"date":"2023-01-05T13:11:44","date_gmt":"2023-01-05T13:11:44","guid":{"rendered":"https:\/\/tenderoconstrucciones.es\/?page_id=54"},"modified":"2023-02-01T09:12:16","modified_gmt":"2023-02-01T09:12:16","slug":"servicios-2","status":"publish","type":"page","link":"https:\/\/tenderoconstrucciones.es\/?page_id=54","title":{"rendered":"Servicios"},"content":{"rendered":"<p>[et_pb_section fb_built=\u00bb1&#8243; _builder_version=\u00bb4.17.4&#8243; _module_preset=\u00bbdefault\u00bb custom_padding=\u00bb||0px||false|false\u00bb global_colors_info=\u00bb{}\u00bb][et_pb_row use_custom_gutter=\u00bbon\u00bb gutter_width=\u00bb1&#8243; make_equal=\u00bbon\u00bb _builder_version=\u00bb4.17.4&#8243; _module_preset=\u00bbdefault\u00bb background_color=\u00bb#FFFFFF\u00bb width=\u00bb100%\u00bb max_width=\u00bb100%\u00bb custom_margin=\u00bb0px||||false|false\u00bb custom_padding=\u00bb0px||0px||false|false\u00bb locked=\u00bboff\u00bb global_colors_info=\u00bb{}\u00bb][et_pb_column type=\u00bb4_4&#8243; _builder_version=\u00bb4.17.4&#8243; _module_preset=\u00bbdefault\u00bb background_enable_color=\u00bboff\u00bb custom_padding=\u00bb80px|40px|80px|40px|false|false\u00bb custom_css_main_element=\u00bbmargin: auto;\u00bb global_colors_info=\u00bb{}\u00bb][et_pb_text _builder_version=\u00bb4.17.4&#8243; _module_preset=\u00bbdefault\u00bb text_font=\u00bbArial|800|||||||\u00bb text_text_color=\u00bb#000000&#8243; text_font_size=\u00bb20px\u00bb text_orientation=\u00bbcenter\u00bb custom_margin=\u00bb||20px||false|false\u00bb global_colors_info=\u00bb{}\u00bb]<\/p>\n<p>SERVICIOS<\/p>\n<p>[\/et_pb_text][et_pb_divider color=\u00bb#000000&#8243; _builder_version=\u00bb4.17.4&#8243; _module_preset=\u00bbdefault\u00bb width=\u00bb40px\u00bb width_tablet=\u00bb40px\u00bb width_phone=\u00bb40px\u00bb width_last_edited=\u00bbon|tablet\u00bb module_alignment=\u00bbcenter\u00bb global_colors_info=\u00bb{}\u00bb][\/et_pb_divider][et_pb_text _builder_version=\u00bb4.17.4&#8243; _module_preset=\u00bbdefault\u00bb text_text_color=\u00bb#000000&#8243; text_orientation=\u00bbcenter\u00bb custom_margin=\u00bb||20px||false|false\u00bb global_colors_info=\u00bb{}\u00bb]<\/p>\n<div class=\"fbq-col-7\">\n<div class=\"fbq-item js-item-box fbq-box fbq-left-align fbq-mobile-hidden fbq-p-border-border fbq-box--fit-height\">\n<div class=\"fbq-box-inner\" data-screen_percent=\"50\">\n<div class=\"fbq-box-content fbq-middle-vertical\">\n<div class=\"fbq-box-body\">\n<div class=\"fbq-item js-item-text fbq-text fbq-left-align fbq-primary-font\">\n<div class=\"fbq-row\">\n<div class=\"fbq-text-content fbq-col-12\">\n<div class=\"fbq-text-content-inner\">\n<div class=\"fbq-section js-dynamic-navbar fbq-p-border-border fbq-section--fit-height\" data-index=\"0\" data-screen_percent=\"10\">\n<div class=\"fbq-section-wrapper fbq-middle-vertical\">\n<div class=\"fbq-container--fullwidth\">\n<div class=\"fbq-row fbq-row--main\">\n<div class=\"fbq-col-12\">\n<div class=\"fbq-item js-item-text fbq-text fbq-center-align fbq-primary-font\">\n<div class=\"fbq-row\">\n<div class=\"fbq-text-content fbq-col-12\">\n<div class=\"fbq-text-content-inner\">\n<div class=\"fbq-section js-dynamic-navbar fbq-p-border-border fbq-section--fit-height\" data-index=\"0\" data-screen_percent=\"10\">\n<div class=\"fbq-section-wrapper fbq-middle-vertical\">\n<div class=\"fbq-container--fullwidth\">\n<div class=\"fbq-row fbq-row--main\">\n<div class=\"fbq-col-12\">\n<div class=\"fbq-item js-item-text fbq-text fbq-center-align fbq-primary-font\">\n<div class=\"fbq-row\">\n<div class=\"fbq-text-content fbq-col-12\">\n<div class=\"fbq-text-content-inner\">Ponemos a su disposici\u00f3n nuestro servicio integral de construcci\u00f3n.<\/div>\n<\/div>\n<\/div>\n<\/div>\n<\/div>\n<\/div>\n<\/div>\n<\/div>\n<\/div>\n<\/div>\n<\/div>\n<\/div>\n<\/div>\n<\/div>\n<\/div>\n<\/div>\n<\/div>\n<\/div>\n<\/div>\n<\/div>\n<\/div>\n<\/div>\n<\/div>\n<\/div>\n<\/div>\n<\/div>\n<\/div>\n<p>[\/et_pb_text][\/et_pb_column][\/et_pb_row][et_pb_row column_structure=\u00bb1_2,1_2&#8243; _builder_version=\u00bb4.17.4&#8243; _module_preset=\u00bbdefault\u00bb max_width=\u00bb80%\u00bb custom_padding=\u00bb0px||||false|false\u00bb global_colors_info=\u00bb{}\u00bb][et_pb_column type=\u00bb1_2&#8243; _builder_version=\u00bb4.17.4&#8243; _module_preset=\u00bbdefault\u00bb global_colors_info=\u00bb{}\u00bb][et_pb_image src=\u00bbhttps:\/\/tenderoconstrucciones.es\/wp-content\/uploads\/2023\/01\/reforma.jpg\u00bb _builder_version=\u00bb4.17.4&#8243; _module_preset=\u00bbdefault\u00bb global_colors_info=\u00bb{}\u00bb][\/et_pb_image][et_pb_text _builder_version=\u00bb4.17.4&#8243; _module_preset=\u00bbdefault\u00bb text_text_color=\u00bb#000000&#8243; custom_margin=\u00bb-30px||||false|false\u00bb custom_padding=\u00bb0px||||false|false\u00bb global_colors_info=\u00bb{}\u00bb]<\/p>\n<p>REFORMAS<\/p>\n<p>[\/et_pb_text][\/et_pb_column][et_pb_column type=\u00bb1_2&#8243; _builder_version=\u00bb4.17.4&#8243; _module_preset=\u00bbdefault\u00bb global_colors_info=\u00bb{}\u00bb][et_pb_image src=\u00bbhttps:\/\/tenderoconstrucciones.es\/wp-content\/uploads\/2023\/01\/casa.jpg\u00bb _builder_version=\u00bb4.17.4&#8243; _module_preset=\u00bbdefault\u00bb global_colors_info=\u00bb{}\u00bb][\/et_pb_image][et_pb_text _builder_version=\u00bb4.17.4&#8243; _module_preset=\u00bbdefault\u00bb text_text_color=\u00bb#000000&#8243; custom_margin=\u00bb-30px||||false|false\u00bb custom_padding=\u00bb0px||||false|false\u00bb global_colors_info=\u00bb{}\u00bb]<\/p>\n<p>OBRA NUEVA (Viviendas unifamiliares)<\/p>\n<p>[\/et_pb_text][\/et_pb_column][\/et_pb_row][et_pb_row _builder_version=\u00bb4.17.4&#8243; _module_preset=\u00bbdefault\u00bb max_width=\u00bb80%\u00bb custom_margin=\u00bb40px||80px||false|false\u00bb global_colors_info=\u00bb{}\u00bb][et_pb_column type=\u00bb4_4&#8243; _builder_version=\u00bb4.17.4&#8243; _module_preset=\u00bbdefault\u00bb global_colors_info=\u00bb{}\u00bb][et_pb_text _builder_version=\u00bb4.17.4&#8243; _module_preset=\u00bbdefault\u00bb text_text_color=\u00bb#000000&#8243; global_colors_info=\u00bb{}\u00bb]<\/p>\n<div class=\"fbq-section js-dynamic-navbar fbq-p-border-border\" data-index=\"1\">\n<div class=\"fbq-section-wrapper fbq-middle-vertical\">\n<div class=\"fbq-container\">\n<div class=\"fbq-row fbq-row--main\">\n<div class=\"fbq-col-12\">\n<div class=\"fbq-item js-item-box fbq-box fbq-left-align fbq-p-border-border fbq-box--fit-height\">\n<div class=\"fbq-box-inner\" data-screen_percent=\"50\">\n<div class=\"fbq-box-content fbq-middle-vertical\">\n<div class=\"fbq-box-body\">\n<div class=\"fbq-item js-item-text fbq-text fbq-left-align fbq-primary-font\">\n<div class=\"fbq-row\">\n<div class=\"fbq-text-content fbq-col-12\">\n<div class=\"fbq-text-content-inner\">\n<p>Estamos especializados en reformas de viviendas y atendemos con especial \u00e9nfasis y con una sensibilidad especial la rehabilitaci\u00f3n de viviendas centenarias. Estudiamos y colaboramos para que sean confortables y destinadas al disfrute de las zonas comunes.\u00a0Adem\u00e1s, prestamos especial atenci\u00f3n a la implantaci\u00f3n de energ\u00edas renovables.<\/p>\n<p>En Tendero Construcciones sabemos la importancia que tiene cuidar del entorno, por ello, destinamos parte de nuestros esfuerzos al uso de las energ\u00edas renovables pues generan un gran ahorro energ\u00e9tico.<\/p>\n<\/div>\n<\/div>\n<\/div>\n<\/div>\n<\/div>\n<\/div>\n<\/div>\n<\/div>\n<\/div>\n<\/div>\n<\/div>\n<\/div>\n<\/div>\n<div class=\"fbq-section js-dynamic-navbar fbq-p-border-border\" data-index=\"2\">\n<div class=\"fbq-background\" data-type=\"image\" data-parallaxspeed=\"0\">\n<div class=\"fbq-background-wrapper\"><\/div>\n<\/div>\n<\/div>\n<p>[\/et_pb_text][et_pb_button button_text=\u00bbVER PROYECTOS\u00bb _builder_version=\u00bb4.17.4&#8243; _module_preset=\u00bbdefault\u00bb custom_button=\u00bbon\u00bb button_text_size=\u00bb16px\u00bb button_text_color=\u00bb#FFFFFF\u00bb button_bg_color=\u00bb#4d4751&#8243; button_border_width=\u00bb0px\u00bb button_border_radius=\u00bb0px\u00bb button_font=\u00bbArial|800|||||||\u00bb button_icon=\u00bb&#x24;||divi||400&#8243; hover_enabled=\u00bb0&#8243; locked=\u00bboff\u00bb global_colors_info=\u00bb{}\u00bb button_url=\u00bbhttps:\/\/tenderoconstrucciones.es\/?page_id=125&#8243; sticky_enabled=\u00bb0&#8243;][\/et_pb_button][\/et_pb_column][\/et_pb_row][et_pb_row _builder_version=\u00bb4.17.4&#8243; _module_preset=\u00bbdefault\u00bb width=\u00bb100%\u00bb max_width=\u00bb100%\u00bb custom_padding=\u00bb0px||0px||false|false\u00bb locked=\u00bboff\u00bb global_colors_info=\u00bb{}\u00bb][et_pb_column type=\u00bb4_4&#8243; _builder_version=\u00bb4.17.4&#8243; _module_preset=\u00bbdefault\u00bb global_colors_info=\u00bb{}\u00bb][et_pb_slider use_bg_overlay=\u00bbon\u00bb _builder_version=\u00bb4.17.4&#8243; _module_preset=\u00bbdefault\u00bb background_image=\u00bbhttps:\/\/tenderoconstrucciones.es\/wp-content\/uploads\/2023\/01\/espais.jpg\u00bb custom_button=\u00bbon\u00bb button_text_size=\u00bb16px\u00bb button_text_color=\u00bb#4d4751&#8243; button_bg_color=\u00bb#FFFFFF\u00bb button_border_width=\u00bb0px\u00bb button_border_radius=\u00bb0px\u00bb button_font=\u00bb|700|||||||\u00bb button_icon=\u00bb&#x24;||divi||400&#8243; hover_enabled=\u00bb0&#8243; global_colors_info=\u00bb{}\u00bb sticky_enabled=\u00bb0&#8243;][et_pb_slide heading=\u00bbESPAIS AVAN\u00c7ATS\u00bb button_text=\u00bbLEER M\u00c1S\u00bb _builder_version=\u00bb4.17.4&#8243; _module_preset=\u00bbdefault\u00bb header_font=\u00bbArial|700|||||||\u00bb header_font_size=\u00bb20px\u00bb hover_enabled=\u00bb0&#8243; global_colors_info=\u00bb{}\u00bb sticky_transition=\u00bbon\u00bb button_link=\u00bbhttps:\/\/tenderoconstrucciones.es\/?page_id=76&#8243; sticky_enabled=\u00bb0&#8243;]<\/p>\n<p><span>Espais Avan\u00e7ats\u00a0<\/span><span>es un valor a\u00f1adido que ofrecemos a nuestros clientes, el broche final de un proyecto de construcci\u00f3n.<\/span><br \/><span>\u00a0 <\/span><span>Con este servicio cubrimos las necesidades de nuestros clientes en materia de carpinter\u00eda met\u00e1lica, de madera y cocinas.\u00a0<\/span><\/p>\n<p>[\/et_pb_slide][\/et_pb_slider][\/et_pb_column][\/et_pb_row][\/et_pb_section]<\/p>\n","protected":false},"excerpt":{"rendered":"<p>SERVICIOS Ponemos a su disposici\u00f3n nuestro servicio integral de construcci\u00f3n. REFORMASOBRA NUEVA (Viviendas unifamiliares) Estamos especializados en reformas de viviendas y atendemos con especial \u00e9nfasis y con una sensibilidad especial la rehabilitaci\u00f3n de viviendas centenarias. Estudiamos y colaboramos para que sean confortables y destinadas al disfrute de las zonas comunes.\u00a0Adem\u00e1s, prestamos especial atenci\u00f3n a la [&hellip;]<\/p>\n","protected":false},"author":2,"featured_media":0,"parent":0,"menu_order":0,"comment_status":"closed","ping_status":"closed","template":"","meta":{"_et_pb_use_builder":"on","_et_pb_old_content":"","_et_gb_content_width":"","footnotes":""},"class_list":["post-54","page","type-page","status-publish","hentry"],"_links":{"self":[{"href":"https:\/\/tenderoconstrucciones.es\/index.php?rest_route=\/wp\/v2\/pages\/54","targetHints":{"allow":["GET"]}}],"collection":[{"href":"https:\/\/tenderoconstrucciones.es\/index.php?rest_route=\/wp\/v2\/pages"}],"about":[{"href":"https:\/\/tenderoconstrucciones.es\/index.php?rest_route=\/wp\/v2\/types\/page"}],"author":[{"embeddable":true,"href":"https:\/\/tenderoconstrucciones.es\/index.php?rest_route=\/wp\/v2\/users\/2"}],"replies":[{"embeddable":true,"href":"https:\/\/tenderoconstrucciones.es\/index.php?rest_route=%2Fwp%2Fv2%2Fcomments&post=54"}],"version-history":[{"count":4,"href":"https:\/\/tenderoconstrucciones.es\/index.php?rest_route=\/wp\/v2\/pages\/54\/revisions"}],"predecessor-version":[{"id":365,"href":"https:\/\/tenderoconstrucciones.es\/index.php?rest_route=\/wp\/v2\/pages\/54\/revisions\/365"}],"wp:attachment":[{"href":"https:\/\/tenderoconstrucciones.es\/index.php?rest_route=%2Fwp%2Fv2%2Fmedia&parent=54"}],"curies":[{"name":"wp","href":"https:\/\/api.w.org\/{rel}","templated":true}]}}